{"id":182,"date":"2022-07-21T23:52:55","date_gmt":"2022-07-21T21:52:55","guid":{"rendered":"https:\/\/www.fcgueugnon.fr\/site\/?page_id=182"},"modified":"2024-02-07T16:47:18","modified_gmt":"2024-02-07T15:47:18","slug":"gueugnon-sport-formation","status":"publish","type":"page","link":"https:\/\/www.fcgueugnon.fr\/site\/gueugnon-sport-formation","title":{"rendered":"Gueugnon Sport Formation &#8211; FORMAPI"},"content":{"rendered":"\n<div style=\"height:10px\" aria-hidden=\"true\" class=\"wp-block-spacer\"><\/div>\n\n\n\n<p>En avril 2011, l\u2019ex FC Gueugnon SAOS section professionnelle disposait d\u2019un <strong>Centre de Formation<\/strong> agr\u00e9\u00e9 par la Direction Technique du Football Fran\u00e7ais. Durant pr\u00e8s de 25 ans, les meilleurs jeunes footballeurs choisis et retenus par le FCG y sont pass\u00e9 et ont fait de belles carri\u00e8res ! <\/p>\n\n\n<div class=\"wp-block-image\">\n<figure class=\"aligncenter size-thumbnail\"><img loading=\"lazy\" decoding=\"async\" width=\"150\" height=\"150\" src=\"https:\/\/www.fcgueugnon.fr\/site\/wp-content\/uploads\/2022\/07\/Formapi-Gueugnon-Sport-Formation-150x150.png\" alt=\"\" class=\"wp-image-172\"\/><\/figure>\n<\/div>\n\n\n<p>Au lendemain de la liquidation, les dirigeants ont rapidement anticip\u00e9 sur la cr\u00e9ation d\u2019une<strong> Unit\u00e9 de Formation Annexe<\/strong> (UFA) affil\u00e9e \u00e0 <strong>FORMAPI<\/strong>, ex <strong>CFA du Sport de Bourgogne Franche-Comt\u00e9<\/strong> afin de pouvoir proposer des formations scolaires en alternance aux jeunes de 16 \u00e0 30 ans ! <\/p>\n\n\n\n<div style=\"height:10px\" aria-hidden=\"true\" class=\"wp-block-spacer\"><\/div>\n\n\n\n<p>Diverses formations se r\u00e9alisent sur une ann\u00e9e, en alternance, avec l&rsquo;une de nos nombreuses structures partenaires pr\u00eates \u00e0 vous accueillir :<\/p>\n\n\n\n<ul class=\"wp-block-list\">\n<li>BPJEPS sp\u00e9cialit\u00e9 \u00e9ducateur sportif option Cours Collectifs<\/li>\n\n\n\n<li>BPJEPS sp\u00e9cialit\u00e9 \u00e9ducateur sportif option Halt\u00e9rophilie Musculation <\/li>\n\n\n\n<li>BPJEPS sp\u00e9cialit\u00e9 \u00e9ducateur sportif mention Activit\u00e9s Aquatiques et de la Natation<\/li>\n\n\n\n<li>TFP Charg\u00e9(e) de Promotion et Marketing Sportif <\/li>\n\n\n\n<li>TP Installateur(trice) D\u00e9panneur(e) en Informatique (IDI) <\/li>\n\n\n\n<li>TP Employ\u00e9 administratif et d&rsquo;accueil<\/li>\n\n\n\n<li>TP Conseiller Commercial<\/li>\n\n\n\n<li>CAP M\u00e9tiers du Football<\/li>\n<\/ul>\n\n\n\n<div style=\"height:30px\" aria-hidden=\"true\" class=\"wp-block-spacer\"><\/div>\n\n\n\n<p>N&rsquo;h\u00e9site pas \u00e0 nous contacter pour plus d&rsquo;informations :<br>&#8211; contact@gueugnonsportformation.fr<br>&#8211; 06.75.47.20.94<br>&#8211; <a href=\"https:\/\/www.facebook.com\/gueugnonsportformation\/\" target=\"_blank\" rel=\"noreferrer noopener\">www.facebook.com\/gueugnonsportformation<\/a><br>&#8211; <a href=\"https:\/\/formapi.fr\/project\/formapi-gueugnon-sport-formation\/\" target=\"_blank\" rel=\"noreferrer noopener\">formapi.fr\/project\/formapi-gueugnon-sport-formation<\/a><\/p>\n\n\n\n<div style=\"height:100px\" aria-hidden=\"true\" class=\"wp-block-spacer\"><\/div>\n\n\n\n<div class=\"wp-block-columns is-layout-flex wp-container-core-columns-is-layout-9d6595d7 wp-block-columns-is-layout-flex\">\n<div class=\"wp-block-column is-layout-flow wp-block-column-is-layout-flow\">\n<div class=\"wp-block-getwid-banner has-animation-style6 has-text-animation-opacity\"><a href=\"https:\/\/www.fcgueugnon.fr\/site\/college-jorge-semprun-gueugnon\" class=\"wp-block-getwid-banner__link\"><div class=\"wp-block-getwid-banner__wrapper\"><img loading=\"lazy\" decoding=\"async\" width=\"1024\" height=\"768\" src=\"https:\/\/www.fcgueugnon.fr\/site\/wp-content\/uploads\/2022\/07\/college-jorge-semrpun-Gueugnon-section-sportive.jpg\" alt=\"\" class=\"wp-block-getwid-banner__image wp-block-getwid-banner__source wp-image-170\" srcset=\"https:\/\/www.fcgueugnon.fr\/site\/wp-content\/uploads\/2022\/07\/college-jorge-semrpun-Gueugnon-section-sportive.jpg 1024w, https:\/\/www.fcgueugnon.fr\/site\/wp-content\/uploads\/2022\/07\/college-jorge-semrpun-Gueugnon-section-sportive-400x300.jpg 400w, https:\/\/www.fcgueugnon.fr\/site\/wp-content\/uploads\/2022\/07\/college-jorge-semrpun-Gueugnon-section-sportive-768x576.jpg 768w\" sizes=\"auto, (max-width: 1024px) 100vw, 1024px\" \/><div class=\"wp-block-getwid-banner__caption has-text-color\" style=\"color:#ffffff;min-height:400px\"><div class=\"wp-block-getwid-banner__caption-wrapper\"><span class=\"wp-block-getwid-banner__title\">Coll\u00e8ge <br>Jorge Semprun (Gueugnon)<\/span><\/div><\/div><\/div><\/a><\/div>\n<\/div>\n\n\n\n<div class=\"wp-block-column is-layout-flow wp-block-column-is-layout-flow\">\n<div class=\"wp-block-getwid-banner has-animation-style6 has-text-animation-opacity\"><a href=\"https:\/\/www.fcgueugnon.fr\/site\/lycee-camille-claudel-digoin\" class=\"wp-block-getwid-banner__link\"><div class=\"wp-block-getwid-banner__wrapper\"><img loading=\"lazy\" decoding=\"async\" width=\"400\" height=\"239\" src=\"https:\/\/www.fcgueugnon.fr\/site\/wp-content\/uploads\/2022\/07\/lycee-camille-claudel-Digoin-section-sportive.jpg\" alt=\"\" class=\"wp-block-getwid-banner__image wp-block-getwid-banner__source wp-image-171\"\/><div class=\"wp-block-getwid-banner__caption has-text-color\" style=\"color:#ffffff;min-height:400px\"><div class=\"wp-block-getwid-banner__caption-wrapper\"><span class=\"wp-block-getwid-banner__title\">Lyc\u00e9e <br>Camille Claudel (Digoin)<\/span><\/div><\/div><\/div><\/a><\/div>\n<\/div>\n\n\n\n<div class=\"wp-block-column is-layout-flow wp-block-column-is-layout-flow\">\n<div class=\"wp-block-getwid-banner has-animation-style6 has-text-animation-opacity\"><a href=\"https:\/\/www.fcgueugnon.fr\/site\/gueugnon-sport-formation\" class=\"wp-block-getwid-banner__link\"><div class=\"wp-block-getwid-banner__wrapper\"><img loading=\"lazy\" decoding=\"async\" width=\"1428\" height=\"1428\" src=\"https:\/\/www.fcgueugnon.fr\/site\/wp-content\/uploads\/2022\/07\/Formapi-Gueugnon-Sport-Formation-1.png\" alt=\"\" class=\"wp-block-getwid-banner__image wp-block-getwid-banner__source wp-image-173\" srcset=\"https:\/\/www.fcgueugnon.fr\/site\/wp-content\/uploads\/2022\/07\/Formapi-Gueugnon-Sport-Formation-1.png 1428w, https:\/\/www.fcgueugnon.fr\/site\/wp-content\/uploads\/2022\/07\/Formapi-Gueugnon-Sport-Formation-1-400x400.png 400w, https:\/\/www.fcgueugnon.fr\/site\/wp-content\/uploads\/2022\/07\/Formapi-Gueugnon-Sport-Formation-1-1024x1024.png 1024w, https:\/\/www.fcgueugnon.fr\/site\/wp-content\/uploads\/2022\/07\/Formapi-Gueugnon-Sport-Formation-1-150x150.png 150w, https:\/\/www.fcgueugnon.fr\/site\/wp-content\/uploads\/2022\/07\/Formapi-Gueugnon-Sport-Formation-1-768x768.png 768w\" sizes=\"auto, (max-width: 1428px) 100vw, 1428px\" \/><div class=\"wp-block-getwid-banner__caption has-text-color\" style=\"color:#ffffff;min-height:400px\"><div class=\"wp-block-getwid-banner__caption-wrapper\"><span class=\"wp-block-getwid-banner__title\"><br><strong>Gueugnon Sport Formation<\/strong><\/span><\/div><\/div><\/div><\/a><\/div>\n<\/div>\n<\/div>\n\n\n\n<div style=\"height:100px\" aria-hidden=\"true\" class=\"wp-block-spacer\"><\/div>\n","protected":false},"excerpt":{"rendered":"<p>En avril 2011, l\u2019ex FC Gueugnon SAOS section professionnelle disposait d\u2019un Centre de Formation agr\u00e9\u00e9 par la Direction Technique du Football Fran\u00e7ais. Durant pr\u00e8s de 25 ans, les meilleurs jeunes footballeurs choisis et retenus par le FCG y sont pass\u00e9 et ont fait de belles carri\u00e8res ! Au lendemain de la liquidation, les dirigeants ont &#8230; <\/p>\n<p class=\"read-more-container\"><a title=\"Gueugnon Sport Formation &#8211; FORMAPI\" class=\"read-more button\" href=\"https:\/\/www.fcgueugnon.fr\/site\/gueugnon-sport-formation#more-182\" aria-label=\"Plus sur Gueugnon Sport Formation &#8211; FORMAPI\">Lire la suite<\/a><\/p>\n","protected":false},"author":1,"featured_media":0,"parent":0,"menu_order":0,"comment_status":"closed","ping_status":"closed","template":"","meta":{"footnotes":""},"class_list":{"0":"post-182","1":"page","2":"type-page","3":"status-publish","5":"infinite-scroll-item"},"yoast_head":"<!-- This site is optimized with the Yoast SEO plugin v26.6 - https:\/\/yoast.com\/wordpress\/plugins\/seo\/ -->\n<title>Gueugnon Sport Formation - FORMAPI &#8226; FOOTBALL CLUB GUEUGNON<\/title>\n<meta name=\"robots\" content=\"index, follow, max-snippet:-1, max-image-preview:large, max-video-preview:-1\" \/>\n<link rel=\"canonical\" href=\"https:\/\/www.fcgueugnon.fr\/site\/gueugnon-sport-formation\" \/>\n<meta property=\"og:locale\" content=\"fr_FR\" \/>\n<meta property=\"og:type\" content=\"article\" \/>\n<meta property=\"og:title\" content=\"Gueugnon Sport Formation - FORMAPI &#8226; FOOTBALL CLUB GUEUGNON\" \/>\n<meta property=\"og:description\" content=\"En avril 2011, l\u2019ex FC Gueugnon SAOS section professionnelle disposait d\u2019un Centre de Formation agr\u00e9\u00e9 par la Direction Technique du Football Fran\u00e7ais. Durant pr\u00e8s de 25 ans, les meilleurs jeunes footballeurs choisis et retenus par le FCG y sont pass\u00e9 et ont fait de belles carri\u00e8res ! Au lendemain de la liquidation, les dirigeants ont ... Lire la suite\" \/>\n<meta property=\"og:url\" content=\"https:\/\/www.fcgueugnon.fr\/site\/gueugnon-sport-formation\" \/>\n<meta property=\"og:site_name\" content=\"FOOTBALL CLUB GUEUGNON\" \/>\n<meta property=\"article:publisher\" content=\"http:\/\/facebook.com\/FCGueugnon\" \/>\n<meta property=\"article:modified_time\" content=\"2024-02-07T15:47:18+00:00\" \/>\n<meta property=\"og:image\" content=\"https:\/\/www.fcgueugnon.fr\/site\/wp-content\/uploads\/2022\/07\/Formapi-Gueugnon-Sport-Formation-150x150.png\" \/>\n<meta name=\"twitter:card\" content=\"summary_large_image\" \/>\n<meta name=\"twitter:site\" content=\"@FCGueugnon_off\" \/>\n<meta name=\"twitter:label1\" content=\"Dur\u00e9e de lecture estim\u00e9e\" \/>\n\t<meta name=\"twitter:data1\" content=\"2 minutes\" \/>\n<script type=\"application\/ld+json\" class=\"yoast-schema-graph\">{\"@context\":\"https:\/\/schema.org\",\"@graph\":[{\"@type\":\"WebPage\",\"@id\":\"https:\/\/www.fcgueugnon.fr\/site\/gueugnon-sport-formation\",\"url\":\"https:\/\/www.fcgueugnon.fr\/site\/gueugnon-sport-formation\",\"name\":\"Gueugnon Sport Formation - FORMAPI &#8226; FOOTBALL CLUB GUEUGNON\",\"isPartOf\":{\"@id\":\"https:\/\/www.fcgueugnon.fr\/site\/#website\"},\"primaryImageOfPage\":{\"@id\":\"https:\/\/www.fcgueugnon.fr\/site\/gueugnon-sport-formation#primaryimage\"},\"image\":{\"@id\":\"https:\/\/www.fcgueugnon.fr\/site\/gueugnon-sport-formation#primaryimage\"},\"thumbnailUrl\":\"https:\/\/www.fcgueugnon.fr\/site\/wp-content\/uploads\/2022\/07\/Formapi-Gueugnon-Sport-Formation-150x150.png\",\"datePublished\":\"2022-07-21T21:52:55+00:00\",\"dateModified\":\"2024-02-07T15:47:18+00:00\",\"breadcrumb\":{\"@id\":\"https:\/\/www.fcgueugnon.fr\/site\/gueugnon-sport-formation#breadcrumb\"},\"inLanguage\":\"fr-FR\",\"potentialAction\":[{\"@type\":\"ReadAction\",\"target\":[\"https:\/\/www.fcgueugnon.fr\/site\/gueugnon-sport-formation\"]}]},{\"@type\":\"ImageObject\",\"inLanguage\":\"fr-FR\",\"@id\":\"https:\/\/www.fcgueugnon.fr\/site\/gueugnon-sport-formation#primaryimage\",\"url\":\"https:\/\/www.fcgueugnon.fr\/site\/wp-content\/uploads\/2022\/07\/Formapi-Gueugnon-Sport-Formation.png\",\"contentUrl\":\"https:\/\/www.fcgueugnon.fr\/site\/wp-content\/uploads\/2022\/07\/Formapi-Gueugnon-Sport-Formation.png\",\"width\":1122,\"height\":1105},{\"@type\":\"BreadcrumbList\",\"@id\":\"https:\/\/www.fcgueugnon.fr\/site\/gueugnon-sport-formation#breadcrumb\",\"itemListElement\":[{\"@type\":\"ListItem\",\"position\":1,\"name\":\"Accueil\",\"item\":\"https:\/\/www.fcgueugnon.fr\/site\/\"},{\"@type\":\"ListItem\",\"position\":2,\"name\":\"Gueugnon Sport Formation &#8211; FORMAPI\"}]},{\"@type\":\"WebSite\",\"@id\":\"https:\/\/www.fcgueugnon.fr\/site\/#website\",\"url\":\"https:\/\/www.fcgueugnon.fr\/site\/\",\"name\":\"FOOTBALL CLUB GUEUGNON\",\"description\":\"Le Site Officiel des Forgerons\",\"publisher\":{\"@id\":\"https:\/\/www.fcgueugnon.fr\/site\/#organization\"},\"potentialAction\":[{\"@type\":\"SearchAction\",\"target\":{\"@type\":\"EntryPoint\",\"urlTemplate\":\"https:\/\/www.fcgueugnon.fr\/site\/?s={search_term_string}\"},\"query-input\":{\"@type\":\"PropertyValueSpecification\",\"valueRequired\":true,\"valueName\":\"search_term_string\"}}],\"inLanguage\":\"fr-FR\"},{\"@type\":\"Organization\",\"@id\":\"https:\/\/www.fcgueugnon.fr\/site\/#organization\",\"name\":\"FC Gueugnon\",\"url\":\"https:\/\/www.fcgueugnon.fr\/site\/\",\"logo\":{\"@type\":\"ImageObject\",\"inLanguage\":\"fr-FR\",\"@id\":\"https:\/\/www.fcgueugnon.fr\/site\/#\/schema\/logo\/image\/\",\"url\":\"https:\/\/www.fcgueugnon.fr\/site\/wp-content\/uploads\/2022\/07\/cropped-Logo-FCGUEUGNON-low-350x350-1.png\",\"contentUrl\":\"https:\/\/www.fcgueugnon.fr\/site\/wp-content\/uploads\/2022\/07\/cropped-Logo-FCGUEUGNON-low-350x350-1.png\",\"width\":350,\"height\":350,\"caption\":\"FC Gueugnon\"},\"image\":{\"@id\":\"https:\/\/www.fcgueugnon.fr\/site\/#\/schema\/logo\/image\/\"},\"sameAs\":[\"http:\/\/facebook.com\/FCGueugnon\",\"https:\/\/x.com\/FCGueugnon_off\",\"https:\/\/www.instagram.com\/fcgueugnon\/\",\"https:\/\/www.linkedin.com\/company\/football-club-de-gueugnon\/\",\"https:\/\/www.youtube.com\/user\/FCGueugnonnais\",\"https:\/\/fr.wikipedia.org\/wiki\/Football_Club_de_Gueugnon\"]}]}<\/script>\n<!-- \/ Yoast SEO plugin. -->","yoast_head_json":{"title":"Gueugnon Sport Formation - FORMAPI &#8226; FOOTBALL CLUB GUEUGNON","robots":{"index":"index","follow":"follow","max-snippet":"max-snippet:-1","max-image-preview":"max-image-preview:large","max-video-preview":"max-video-preview:-1"},"canonical":"https:\/\/www.fcgueugnon.fr\/site\/gueugnon-sport-formation","og_locale":"fr_FR","og_type":"article","og_title":"Gueugnon Sport Formation - FORMAPI &#8226; FOOTBALL CLUB GUEUGNON","og_description":"En avril 2011, l\u2019ex FC Gueugnon SAOS section professionnelle disposait d\u2019un Centre de Formation agr\u00e9\u00e9 par la Direction Technique du Football Fran\u00e7ais. Durant pr\u00e8s de 25 ans, les meilleurs jeunes footballeurs choisis et retenus par le FCG y sont pass\u00e9 et ont fait de belles carri\u00e8res ! Au lendemain de la liquidation, les dirigeants ont ... Lire la suite","og_url":"https:\/\/www.fcgueugnon.fr\/site\/gueugnon-sport-formation","og_site_name":"FOOTBALL CLUB GUEUGNON","article_publisher":"http:\/\/facebook.com\/FCGueugnon","article_modified_time":"2024-02-07T15:47:18+00:00","og_image":[{"url":"https:\/\/www.fcgueugnon.fr\/site\/wp-content\/uploads\/2022\/07\/Formapi-Gueugnon-Sport-Formation-150x150.png","type":"","width":"","height":""}],"twitter_card":"summary_large_image","twitter_site":"@FCGueugnon_off","twitter_misc":{"Dur\u00e9e de lecture estim\u00e9e":"2 minutes"},"schema":{"@context":"https:\/\/schema.org","@graph":[{"@type":"WebPage","@id":"https:\/\/www.fcgueugnon.fr\/site\/gueugnon-sport-formation","url":"https:\/\/www.fcgueugnon.fr\/site\/gueugnon-sport-formation","name":"Gueugnon Sport Formation - FORMAPI &#8226; FOOTBALL CLUB GUEUGNON","isPartOf":{"@id":"https:\/\/www.fcgueugnon.fr\/site\/#website"},"primaryImageOfPage":{"@id":"https:\/\/www.fcgueugnon.fr\/site\/gueugnon-sport-formation#primaryimage"},"image":{"@id":"https:\/\/www.fcgueugnon.fr\/site\/gueugnon-sport-formation#primaryimage"},"thumbnailUrl":"https:\/\/www.fcgueugnon.fr\/site\/wp-content\/uploads\/2022\/07\/Formapi-Gueugnon-Sport-Formation-150x150.png","datePublished":"2022-07-21T21:52:55+00:00","dateModified":"2024-02-07T15:47:18+00:00","breadcrumb":{"@id":"https:\/\/www.fcgueugnon.fr\/site\/gueugnon-sport-formation#breadcrumb"},"inLanguage":"fr-FR","potentialAction":[{"@type":"ReadAction","target":["https:\/\/www.fcgueugnon.fr\/site\/gueugnon-sport-formation"]}]},{"@type":"ImageObject","inLanguage":"fr-FR","@id":"https:\/\/www.fcgueugnon.fr\/site\/gueugnon-sport-formation#primaryimage","url":"https:\/\/www.fcgueugnon.fr\/site\/wp-content\/uploads\/2022\/07\/Formapi-Gueugnon-Sport-Formation.png","contentUrl":"https:\/\/www.fcgueugnon.fr\/site\/wp-content\/uploads\/2022\/07\/Formapi-Gueugnon-Sport-Formation.png","width":1122,"height":1105},{"@type":"BreadcrumbList","@id":"https:\/\/www.fcgueugnon.fr\/site\/gueugnon-sport-formation#breadcrumb","itemListElement":[{"@type":"ListItem","position":1,"name":"Accueil","item":"https:\/\/www.fcgueugnon.fr\/site\/"},{"@type":"ListItem","position":2,"name":"Gueugnon Sport Formation &#8211; FORMAPI"}]},{"@type":"WebSite","@id":"https:\/\/www.fcgueugnon.fr\/site\/#website","url":"https:\/\/www.fcgueugnon.fr\/site\/","name":"FOOTBALL CLUB GUEUGNON","description":"Le Site Officiel des Forgerons","publisher":{"@id":"https:\/\/www.fcgueugnon.fr\/site\/#organization"},"potentialAction":[{"@type":"SearchAction","target":{"@type":"EntryPoint","urlTemplate":"https:\/\/www.fcgueugnon.fr\/site\/?s={search_term_string}"},"query-input":{"@type":"PropertyValueSpecification","valueRequired":true,"valueName":"search_term_string"}}],"inLanguage":"fr-FR"},{"@type":"Organization","@id":"https:\/\/www.fcgueugnon.fr\/site\/#organization","name":"FC Gueugnon","url":"https:\/\/www.fcgueugnon.fr\/site\/","logo":{"@type":"ImageObject","inLanguage":"fr-FR","@id":"https:\/\/www.fcgueugnon.fr\/site\/#\/schema\/logo\/image\/","url":"https:\/\/www.fcgueugnon.fr\/site\/wp-content\/uploads\/2022\/07\/cropped-Logo-FCGUEUGNON-low-350x350-1.png","contentUrl":"https:\/\/www.fcgueugnon.fr\/site\/wp-content\/uploads\/2022\/07\/cropped-Logo-FCGUEUGNON-low-350x350-1.png","width":350,"height":350,"caption":"FC Gueugnon"},"image":{"@id":"https:\/\/www.fcgueugnon.fr\/site\/#\/schema\/logo\/image\/"},"sameAs":["http:\/\/facebook.com\/FCGueugnon","https:\/\/x.com\/FCGueugnon_off","https:\/\/www.instagram.com\/fcgueugnon\/","https:\/\/www.linkedin.com\/company\/football-club-de-gueugnon\/","https:\/\/www.youtube.com\/user\/FCGueugnonnais","https:\/\/fr.wikipedia.org\/wiki\/Football_Club_de_Gueugnon"]}]}},"rttpg_featured_image_url":null,"rttpg_author":{"display_name":"FC Gueugnon","author_link":"https:\/\/www.fcgueugnon.fr\/site\/author\/admin-antho"},"rttpg_comment":0,"rttpg_category":null,"rttpg_excerpt":"En avril 2011, l\u2019ex FC Gueugnon SAOS section professionnelle disposait d\u2019un Centre de Formation agr\u00e9\u00e9 par la Direction Technique du Football Fran\u00e7ais. Durant pr\u00e8s de 25 ans, les meilleurs jeunes footballeurs choisis et retenus par le FCG y sont pass\u00e9 et ont fait de belles carri\u00e8res ! Au lendemain de la liquidation, les dirigeants ont\u2026","_links":{"self":[{"href":"https:\/\/www.fcgueugnon.fr\/site\/wp-json\/wp\/v2\/pages\/182","targetHints":{"allow":["GET"]}}],"collection":[{"href":"https:\/\/www.fcgueugnon.fr\/site\/wp-json\/wp\/v2\/pages"}],"about":[{"href":"https:\/\/www.fcgueugnon.fr\/site\/wp-json\/wp\/v2\/types\/page"}],"author":[{"embeddable":true,"href":"https:\/\/www.fcgueugnon.fr\/site\/wp-json\/wp\/v2\/users\/1"}],"replies":[{"embeddable":true,"href":"https:\/\/www.fcgueugnon.fr\/site\/wp-json\/wp\/v2\/comments?post=182"}],"version-history":[{"count":5,"href":"https:\/\/www.fcgueugnon.fr\/site\/wp-json\/wp\/v2\/pages\/182\/revisions"}],"predecessor-version":[{"id":8432,"href":"https:\/\/www.fcgueugnon.fr\/site\/wp-json\/wp\/v2\/pages\/182\/revisions\/8432"}],"wp:attachment":[{"href":"https:\/\/www.fcgueugnon.fr\/site\/wp-json\/wp\/v2\/media?parent=182"}],"curies":[{"name":"wp","href":"https:\/\/api.w.org\/{rel}","templated":true}]}}